90?
9
Calculate the highest common divisor of 29 and 6583.
29
What is the highest common divisor of 17 and 136?
17
What is the greatest common factor of 12291 and 51?
51
What is the greatest common divisor of 69046 and 38?
38
Calculate the greatest common divisor of 212 and 265.
53
What is the highest common divisor of 608 and 57?
19
Calculate the highest common divisor of 171 and 558.
9
What is the greatest common factor of 364 and 31486?
182
Calculate the highest common factor of 28647 and 27.
27
What is the greatest common factor of 295 and 177?
59
Calculate the greatest common divisor of 1331 and 1936.
121
What is the highest common factor of 69 and 46?
23
What is the greatest common divisor of 30 and 375?
15
Calculate the greatest common factor of 712 and 16.
8
What is the greatest common factor of 47 and 188?
47
What is the greatest common divisor of 182 and 78?
26
Calculate the greatest common factor of 63 and 3612.
21
What is the greatest common divisor of 272 and 1224?
136
What is the greatest common factor of 2277 and 319?
11
What is the highest common divisor of 2291 and 3555?
79
Calculate the highest common divisor of 108 and 288.
36
What is the highest common factor of 275 and 10?
5
What is the greatest common divisor of 155 and 93?
31
What is the highest common factor of 444 and 174?
6
Calculate the highest common divisor of 140 and 4214.
14
What is the greatest common factor of 4619 and 1937?
149
What is the greatest common divisor of 2279 and 106?
53
Calculate the highest common factor of 112 and 140.
28
Calculate the greatest common factor of 130 and 195.
65
Calculate the highest common factor of 369 and 9.
9
What is the highest common divisor of 72 and 126?
18
What is the greatest common divisor of 528 and 462?
66
Calculate the greatest common factor of 1027 and 39.
13
What is the greatest common factor of 3625 and 580?
145
What is the highest common divisor of 8 and 232?
8
Calculate the greatest common divisor of 309 and 6.
3
Calculate the highest common divisor of 60 and 25590.
30
Calculate the highest common divisor of 5921 and 382.
191
What is the highest common factor of 459 and 408?
51
Calculate the greatest common factor of 90 and 31770.
90
Calculate the greatest common divisor of 102 and 42.
6
What is the highest common divisor of 44 and 11?
11
Calculate the highest common factor of 177 and 1534.
59
Calculate the highest common factor of 82 and 123.
41
What is the highest common factor of 29 and 783?
29
What is the highest common factor of 6 and 1088?
2
What is the greatest common divisor of 3 and 789?
3
What is the greatest common factor of 6 and 442?
2
What is the highest common factor of 16512 and 1920?
384
What is the highest common divisor of 6535 and 5?
5
Calculate the highest common divisor of 70 and 30.
10
What is the greatest common factor of 7 and 17?
1
Calculate the highest common divisor of 648 and 24.
24
Calculate the greatest common factor of 2322 and 86.
86
What is the greatest common factor of 13916 and 980?
196
What is the highest common factor of 45 and 261?
9
Calculate the highest common factor of 6 and 30510.
6
Calculate the greatest common divisor of 273 and 156.
39
Calculate the greatest common factor of 3685 and 67.
67
Calculate the highest common divisor of 343 and 7.
7
Calculate the greatest common divisor of 585 and 65.
65
What is the greatest common divisor of 1512 and 396?
36
What is the greatest common factor of 99 and 1837?
11
What is the highest common factor of 19 and 19?
19
Calculate the highest common divisor of 194 and 5917.
97
What is the highest common divisor of 162 and 156?
6
What is the highest common factor of 11 and 91?
1
Calculate the greatest common factor of 40 and 430.
10
Calculate the highest common divisor of 117 and 624.
39
What is the highest common factor of 91 and 52?
13
What is the greatest common divisor of 90 and 570?
30
Calculate the highest common factor of 2403 and 89.
89
Calculate the greatest common factor of 465 and 6.
3
Calculate the highest common divisor of 1400 and 224.
56
Calculate the greatest common divisor of 190 and 800.
10
Calculate the greatest common factor of 10802 and 22.
22
What is the highest common divisor of 462 and 84?
42
What is the highest common divisor of 420 and 672?
84
What is the highest common divisor of 101 and 4444?
101
What is the greatest common factor of 279 and 108?
9
Calculate the highest common divisor of 395 and 10.
5
What is the greatest common factor of 6 and 2136?
6
What is the highest common factor of 328 and 8?
8
What is the greatest common divisor of 217 and 93?
31
What is the highest common factor of 27 and 189?
27
Calculate the highest common factor of 24 and 184.
8
What is the highest common factor of 294 and 399?
21
What is the greatest common factor of 3674 and 22?
22
What is the greatest common divisor of 43 and 215?
43
What is the highest common divisor of 23 and 598?
23
Calculate the highest common factor of 8 and 38.
2
Calculate the greatest common divisor of 1285 and 4883.
257
Calculate the highest common divisor of 1316 and 7.
7
Calculate the greatest common divisor of 78 and 390.
78
What is the highest common factor of 128 and 592?
16
What is the greatest common divisor of 260 and 60?
20
What is the highest common factor of 13 and 19?
1
Calculate the highest common divisor of 145 and 261.
29
Calculate the highest common divisor of 350 and 28.
14
Calculate the highest common divisor of 1498 and 14.
14
Calculate the greatest common divisor of 12 and 516.
12
Calculate the highest common divisor of 96 and 72.
24
What is the highest common factor of 841 and 319?
29
What is the highest common factor of 39 and 1300?
13
What is the highest common factor of 144 and 192?
48
Calculate the greatest common divisor of 10 and 6.
2
What is the highest common factor of 88 and 1331?
11
Calculate the highest common divisor of 13255 and 55.
55
What is the highest common divisor of 64 and 29408?
32
What is the highest common factor of 155 and 93?
31
Calculate the greatest common factor of 60 and 3180.
60
Calculate the greatest common factor of 548 and 16.
4
Calculate the highest common factor of 272 and 85.
17
Calculate the greatest common divisor of 5875 and 893.
47
Calculate the greatest common factor of 336 and 1040.
16
Calculate the highest common divisor of 120 and 72.
24
Calculate the highest common factor of 2303 and 188.
47
What is the highest common divisor of 12194 and 546?
182
What is the highest common factor of 120 and 60?
60
Calculate the greatest common divisor of 17 and 17.
17
Calculate the greatest common divisor of 30037 and 49.
49
Calculate the highest common divisor of 504 and 16.
8
Calculate the greatest common divisor of 14 and 133.
7
What is the greatest common factor of 3632 and 681?
227
What is the greatest common divisor of 8 and 64?
8
What is the highest common divisor of 1037 and 61?
61
What is the greatest common divisor of 128 and 1304?
8
Calculate the greatest common divisor of 242 and 1144.
22
What is the highest common divisor of 30 and 5835?
15
What is the greatest common factor of 1915 and 15?
5
Calculate the highest common factor of 644 and 434.
14
What is the highest common factor of 20 and 6070?
10
What is the highest common divisor of 748 and 17?
17
Calculate the greatest common factor of 4698 and 2592.
162
Calculate the greatest common factor of 102 and 9078.
102
Calculate the highest common factor of 1385 and 5.
5
Calculate the greatest common factor of 21903 and 147.
147
Calculate the highest common divisor of 2380 and 210.
70
Calculate the greatest common factor of 182 and 21.
7
Calculate the highest common divisor of 38151 and 314.
157
Calculate the greatest common divisor of 465 and 837.
93
What is the highest common factor of 2540 and 20?
20
Calculate the highest common factor of 3266 and 138.
46
Calculate the highest common factor of 71 and 50765.
71
Calculate the highest common factor of 256 and 5152.
32
What is the greatest common divisor of 915 and 15?
15
What is the highest common divisor of 29 and 145?
29
Calculate the highest common factor of 791 and 14.
7
Calculate the highest common factor of 190 and 34960.
190
What is the greatest common divisor of 1053 and 39?
39
C